ist the prime factors of f.
2, 3, 19, 349
Let l(a) be the second derivative of a**5/20 + 13*a**4/12 - 7*a**3/6 + 163*a. Let t(i) = i**2 + 9*i + 7. Let s be t(-5). List the prime factors of l(s).
7, 13
Let w(o) = 11*o**2 + 6 - o**2 + 5*o**2 + 11*o + 8*o**2. What are the prime factors of w(-6)?
2, 3
Let x(s) = -s**3 + 11*s**2 - 9*s - 3. Let q be x(10). Let r = q + -11. What are the prime factors of ((-1)/2)/(r/12)*2?
3
Let s = 866 - 374. Let w = s - -350. List the prime factors of w.
2, 421
Let h(q) = 13*q + 35 + 257*q + 270*q. What are the prime factors of h(3)?
5, 331
Suppose -14*r + 28267 = -118028 - 97193. List the prime factors of r.
2, 1087
Let c be (1 - 5)*(3/6 - 1). List the prime factors of c/17 - 48373/(-221).
3, 73
Suppose 23*m + k = 26*m - 90160, -210400 = -7*m - 3*k. What are the prime factors of m?
5, 6011
Suppose 113*c - 1623036 = 51*c. List the prime factors of c.
2, 3, 4363
Suppose -14*b + 31532 = -13*b + 1638. What are the prime factors of b?
2, 14947
Let x be 0*(-5 + 6) + (-2 - -5). Suppose x*w - 2*r = 2397, 4*r - 66 = -w + 719. What are the prime factors of w?
797
Let k(x) = -32*x - 91. Let y be k(-3). Suppose -c + 903 = 2*n - 472, 5*n + y*c = 3430. List the prime factors of n.
13, 53
List the prime factors of 63996 + 42/12*6.
3, 2371
Let v(r) be the first derivative of -3*r**2/2 + 172*r - 111. List the prime factors of v(-16).
2, 5, 11
Let c(v) = 6*v**3 - 7*v**2 + 4*v - 44. Let o be c(6). Suppose 22*s - 4*q + 1024 = 26*s, -3*q = 4*s - o. What are the prime factors of s?
2
Suppose 2*h - 2 = 0, -8*z = -11*z + 2*h + 38956. What are the prime factors of z?
2, 43, 151
Suppose 16*n - 78 = 2. Suppose 2*q - 894 = 4*v, 0 = 4*v + v - n. List the prime factors of q.
449
Suppose 2*s - 801 = -157. Let x = 789 + s. List the prime factors of x.
11, 101
Let g(l) = 16*l + 53. Let a(u) = -4*u + 98. Let i be a(23). List the prime factors of g(i).
149
Suppose -11425 - 1907 = -12*z. Suppose -z = -113*j + 102*j. What are the prime factors of j?
101
Suppose -1770*k - 111700 = -2*v - 1767*k, 0 = 3*v - k - 167557. List the prime factors of v.
7, 79, 101
Let h = -6 + 48. Let w = 44 - h. Suppose 0 = -3*q + 2*b + 31, -w*b = -4*q - 5*b + 64. List the prime factors of q.
13
Let x(t) = 2*t**2 + 13*t + 29. Let j be x(-7). What are the prime factors of (6/j - (-39)/(-18)) + 974?
2, 3
Let j = -42063 + 66283. List the prime factors of j.
2, 5, 7, 173
Suppose -24*h + 18*h = -24. List the prime factors of ((-777)/h)/(9/(-48)).
2, 7, 37
Suppose -11*a - 156 = 2*a. Let w = a - -75. What are the prime factors of w?
3, 7
Suppose -3*q + 0*q + 54 = j, 0 = -2*j - 4*q + 102. Let z = -44 + j. List the prime factors of 35 - (-1 - -2 - z).
5, 7
Let z(r) be the first derivative of r**3/3 - 3*r**2/2 + 133*r - 54. What are the prime factors of z(39)?
29, 53
Suppose 2*y + f = 0, 8*y = 7*y + 2*f. Suppose -7*n + 2031 + 1329 = y. What are the prime factors of n?
2, 3, 5
Let l(a) = -2313*a + 487. What are the prime factors of l(-9)?
2, 2663
Let b(r) = -102*r - 50 - 45 + 96. List the prime factors of b(-2).
5, 41
What are the prime factors of 3*-7*((-22)/(-55) - 149646/90)?
7, 4987
Let b(s) = -6*s - 36. Let n be b(-6). Suppose 13*z - 25*z + 336 = n. List the prime factors of z.
2, 7
Suppose 6*o - 11*o - 25 = 0. Let u(m) = m**3 + 8*m**2 - 9*m + 5. Let g be u(o). Let s = g - 71. List the prime factors of s.
2, 3
Let x = -1 + 1. Suppose -4*y - 4*s = -s - 21, -4*s + 18 = 2*y. Suppose x = -y*u + 6, -p + 3*u + 71 = -45. List the prime factors of p.
2, 61
Suppose -832*k = -780*k - 8528. List the prime factors of k.
2, 41
Let o(u) = 15387*u**2 + 208*u - 207. What are the prime factors of o(1)?
2, 3847
Let u be 5 - (-14 + 16 - 1). Suppose h = 2*h - 2. Suppose -2*y + 515 - 43 = u*s, -s + 123 = -h*y. List the prime factors of s.
7, 17
Suppose -x - 4*z + 10 = 0, 0 = -4*x - x + 4*z + 74. Suppose 0 = x*q - 7*q - 3143. What are the prime factors of q?
449
Suppose 10 = j - 3*m + 4, -3*m = -4*j + 24. What are the prime factors of 3 - (2/(j/(-1257)) + -1)?
3, 47
Let w(h) = h**3 + 4*h**2 - 8*h + 18. Let b be w(-6). List the prime factors of 4 + (-1)/(b/6750).
1129
Let z = -408 + 763. Suppose b = 381 - z. What are the prime factors of b?
2, 13
Suppose 0 = 4*n - 5*k - 99, -2 + 107 = 4*n + k. List the prime factors of 4 + n/(-6) - 5920/(-12).
17, 29
What are the prime factors of (4*(-8)/32 - 5)/(2/(-8545))?
3, 5, 1709
Let f = -42 - -53. Let d(x) = 12 + f + 1 + 12*x. What are the prime factors of d(9)?
2, 3, 11
Let o(u) = -25*u + 1120. What are the prime factors of o(-13)?
5, 17
Let h(b) = -b**2 + 16*b + 26. Let u(i) = -i**3 + 13*i**2 - 11*i + 24. Let d be u(12). Let z = d - 24. List the prime factors of h(z).
2, 37
Let f(p) = -p**3 - 6*p**2 - 6*p - 6. Let u be f(-5). Let n be ((-12 - 6)/3)/1. What are the prime factors of 1233/54 + u/n?
23
Suppose w + 5*x - 839 = 15627, 0 = 5*w - x - 82200. What are the prime factors of w?
41, 401
Suppose 4*w - 25974 = -z + 3*w, -4*z - w + 103917 = 0. What are the prime factors of z?
25981
Let w be (-270)/(-4) - 9/6. Let n = 86 - w. Suppose -17*b = -n*b + 180. What are the prime factors of b?
2, 3, 5
Suppose -4*t + 1058 = 2*p, 5*p + 11*t - 13*t - 2657 = 0. Suppose -h + 329 + p = 0. List the prime factors of h.
2, 5, 43
Let p(y) = -y**3 - 2*y**2 - y - 74. Suppose 5*j - j = -3*c - 51, 4*c = -20. List the prime factors of p(j).
2, 251
Let r(a) = -a**2 - 58*a - 829. Let m be r(-20). Let w(u) = 284*u**3 + 2*u**2 + 2*u + 1. Let g be w(-1). Let p = m - g. What are the prime factors of p?
2, 107
Let a(w) be the second derivative of -w**3/2 - 11*w**2/2 + 15*w. Let x be a(-5). What are the prime factors of 34 + (1 - (2 + -4 + x))?
3, 11
Suppose -4*a + 3 - 1979 = 0. Let c = a - -882. What are the prime factors of c?
2, 97
Let p be (-4)/(-10) - (-36)/10 - -103. Suppose 0 = 5*c - 58 - p. Suppose -c*k = -36*k + 423. List the prime factors of k.
3, 47
Suppose -y = -0*y. Let j(r) = 2*r**2 + 8*r - 27. Let l be j(-9). Let b = l - y. List the prime factors of b.
3, 7
List the prime factors of (5/(-2))/(45/(-238860)).
2, 5, 1327
Let s(w) = w**3 + 13*w**2 - 16*w - 24. Let a be s(-14). Suppose -a*q + 349 = -267. What are the prime factors of q?
2, 7, 11
Let n(h) be the first derivative of 13/2*h**2 - 1/4*h**4 + 46 - 19/3*h**3 - 20*h. What are the prime factors of n(-20)?
2, 3, 5
Let n(g) = -3*g**2 - 51*g - 15. Let c be n(-14). Let v = c - 32. What are the prime factors of v?
79
Let q(o) = 13. Let t(b) = b + 13. Let z(j) = 5*q(j) - 6*t(j). Let p = 150 - 169. List the prime factors of z(p).
101
Let l(i) = i + 16. Let a be l(-7). Suppose a*m = m. Let z(k) = -k**2 - k + 64. What are the prime factors of z(m)?
2
Suppose -450120 = -724*r + 684*r. What are the prime factors of r?
3, 11, 31
Let o = -4246 + 9104. List the prime factors of o.
2, 7, 347
List the prime factors of 156/(-2431) + (-2)/(-11) + 1086894/153.
2, 3, 37
Let g(z) = -z**2 + 19*z + 28. Let l be g(20). Suppose -3*t + 3*b + 36 = l*b, -3*b = 2*t - 23. Suppose 0 = -t*j + 417 + 192. List the prime factors of j.
3, 29
List the prime factors of (-2*(-7400)/(-75))/((-2)/207).
2, 3, 23, 37
Let b(s) = 238*s + 13490. What are the prime factors of b(0)?
2, 5, 19, 71
What are the prime factors of (-165663)/(-6) - 121/(-22)?
2, 863
Suppose 2*j - 5*a = 21728, -4*a = 4*j - 13041 - 30387. List the prime factors of j.
10859
Let v(a) = a**2 + 2*a - 15. Let r be v(-5). Suppose r*o - u + 17 = 2*o, 5*u + 5 = -o. Let g = -3 + o. List the prime factors of g.
7
Suppose 3*x = -4*r + 1209, -5*x + 1233 = -2*x - 4*r. Let h = -184 + x. What are the prime factors of h?
223
Let q = 80 + -80. Suppose 5*d + 7*d = q. Suppose 243 = 3*t - 2*p, 4*t - 2*p + 0*p - 324 = d. What are the prime factors of t?
3
Let z = -430 + 430. Suppose -75*g + 83*g - 3128 = z. List the prime factors of g.
17, 23
Let y(g) = 54*g - 145. Let q be y(7). Suppose o + 2*o + 396 = -3*m, -2*o = m + 266. Let h = o + q. List the prime factors of h.
3, 11
What are the prime factors of 94*65 + (-4 - 28/7)?
2, 3, 113
What are the prime factors of ((-330)/(-25) + 0)*1291790/303?
2, 11, 1279
Let z(h) = -9*h**3 - h**2 + 6*h + 2. Let j be z(-4). Suppose t = -j - 344. List the prime factors of (-16)/88 + t/(-11).
2, 5
Let k(y) = y**2 - y + 6. Let c be k(6). Let a = 42 - c. What are the prime factors of